{"id":12,"date":"2020-06-18T08:55:42","date_gmt":"2020-06-18T08:55:42","guid":{"rendered":"http:\/\/test.sfv-ochsenfurt.de\/?page_id=12"},"modified":"2025-01-27T10:08:52","modified_gmt":"2025-01-27T10:08:52","slug":"gewaesser","status":"publish","type":"page","link":"https:\/\/www.sfv-ochsenfurt.de\/?page_id=12","title":{"rendered":"Gew\u00e4sser"},"content":{"rendered":"\n<p><strong>Im B\u00fchler ist ab 2019 der Fang von einem Zander pro Angeltag erlaubt. 1.5.-1.11.<\/strong><\/p>\n\n\n\n<p><\/p>\n\n\n\n<p><a href=\"\/wp-content\/uploads\/2024\/03\/Seeordnung2024.pdf\">Download Seeordnung<\/a><\/p>\n\n\n\n<p><\/p>\n\n\n\n<p class=\"has-large-font-size\">Sulzfelder See<\/p>\n\n\n\n<figure class=\"wp-block-image size-large\"><img loading=\"lazy\" decoding=\"async\" width=\"2560\" height=\"1920\" src=\"http:\/\/test.sfv-ochsenfurt.de\/wp-content\/uploads\/2020\/06\/see-scaled.jpg\" alt=\"\" class=\"wp-image-84\" srcset=\"https:\/\/www.sfv-ochsenfurt.de\/wp-content\/uploads\/2020\/06\/see-scaled.jpg 2560w, https:\/\/www.sfv-ochsenfurt.de\/wp-content\/uploads\/2020\/06\/see-300x225.jpg 300w, https:\/\/www.sfv-ochsenfurt.de\/wp-content\/uploads\/2020\/06\/see-768x576.jpg 768w, https:\/\/www.sfv-ochsenfurt.de\/wp-content\/uploads\/2020\/06\/see-1536x1152.jpg 1536w, https:\/\/www.sfv-ochsenfurt.de\/wp-content\/uploads\/2020\/06\/see-2048x1536.jpg 2048w, https:\/\/www.sfv-ochsenfurt.de\/wp-content\/uploads\/2020\/06\/see-1600x1200.jpg 1600w, https:\/\/www.sfv-ochsenfurt.de\/wp-content\/uploads\/2020\/06\/see-640x480.jpg 640w\" sizes=\"auto, (max-width: 2560px) 100vw, 2560px\" \/><figcaption class=\"wp-element-caption\">Der Sulzfelder See im August 2019.<\/figcaption><\/figure>\n\n\n\n<p>Der Sulzfelder Baggersee ist ein ca. 8 ha gro\u00dfer Baggersee in Sulzfeld am Main. Er ist weitestgehend renaturiert, d.h. die Ufer sind, au\u00dfer an den Angelpl\u00e4tzen, mit B\u00fcschen und B\u00e4umen bewachsen. Die Tiefen des Sees liegen zwischen einem und 12 Metern, es existieren sowohl Flachwasserbereiche als auch tiefe Rinnen und Sandb\u00e4nke in tiefen Bereichen. Das Bodenprofil ist also sehr abwechslungsreich gestaltet. An den Ufern gibt es um die 40 Angelpl\u00e4tze, man muss also nicht f\u00fcrchten, leer auszugehen. Der Fischbestand setzt sich aus allen im Main heimischen Fischen zusammen (der Main \u00fcberflutet den See bei sehr hohen Winterhochw\u00e4ssern alle paar Jahre, zuletzt 2003 und 2011); dazu kommen noch die asiatischen Grasfische. Bei der Bestandsdichte gibt es zwischen den Arten jedoch einige Unterschiede: W\u00e4hrend die Schleie kaum vorhanden ist, besteht vor allem bei Karpfen (zahlreiche Fische bis mind. 30 Pfund) und bei den Barschen ein ziemlich guter Bestand. Allgemein gesagt ist der See ein sehr gutes Karpfengew\u00e4sser; es gibt in den Flachwasserzonen ausgedehnte Krautfelder und das Wasser erw\u00e4rmt sich im Sommer auch auf angenehme Temperaturen. Am besten sind die Karpfen im Fr\u00fchling im ufernahen Flachwasser und im Sommer an den Kanten zum tieferen Wasser zu fangen, bevorzugt bei\u00dfen sie in den fr\u00fchen Morgenstunden sowie abends. Nat\u00fcrlich kommen im See auch Raubfische vor: Hechte, Zander, Waller und eben Barsche sind zahlreich vorhanden. Vor allem die Barsche wurden schon in kapitalen Gr\u00f6\u00dfen gefangen. Fische bis \u00fcber f\u00fcnfzig Zentimetern sind immer m\u00f6glich. Waller gibt es im See ebenfalls, in den gleichen Gr\u00f6\u00dfen wie im Main. Der Weisfischbestand des Sees wird bei den Hochwassern vom Main regelm\u00e4\u00dfig wieder aufgef\u00fcllt. Es existieren zwar keine Fische kapitaler Gr\u00f6\u00dfe, doch K\u00f6derfische sind fast immer fangbar. Alles in allem ist der Baggersee ein Idyllisches Gew\u00e4sser mit (fast) allen M\u00f6glichkeiten zum Fischfang!<\/p>\n\n\n\n<p>Fischarten: Aal, Barsch, Brasse, Hecht, Karpfen, Rotauge, Rotfeder, Schleie (vereinzelt), Laube, Waller, Zander, Graskarpfen <\/p>\n\n\n\n<p>Am leichtesten fangbare Fischarten: Karpfen, Barsch<\/p>\n\n\n\n<p>Schonma\u00dfe: es gelten die gesetzlichen Schonma\u00dfe und Schonzeiten<\/p>\n\n\n\n<p>Schonzeiten: Hecht, Zander: 15.2.-30.4., Rotauge, Rotfeder, Laube: 15.4.-15.5.<\/p>\n\n\n\n<p class=\"has-large-font-size\">B\u00fchler See<\/p>\n\n\n\n<figure class=\"wp-block-gallery has-nested-images columns-default is-cropped wp-block-gallery-1 is-layout-flex wp-block-gallery-is-layout-flex\">\n<figure class=\"wp-block-image\"><img loading=\"lazy\" decoding=\"async\" width=\"400\" height=\"300\" data-id=\"80\" src=\"http:\/\/www.sfv-ochsenfurt.de\/wp-content\/uploads\/2020\/06\/buehler.jpg\" alt=\"\" class=\"wp-image-80\" srcset=\"https:\/\/www.sfv-ochsenfurt.de\/wp-content\/uploads\/2020\/06\/buehler.jpg 400w, https:\/\/www.sfv-ochsenfurt.de\/wp-content\/uploads\/2020\/06\/buehler-300x225.jpg 300w\" sizes=\"auto, (max-width: 400px) 100vw, 400px\" \/><figcaption class=\"wp-element-caption\">Die B\u00fchler Seen von der Stra\u00dfe aus.<\/figcaption><\/figure>\n<\/figure>\n\n\n\n<p>Die Teichanlage in B\u00fchler ist das j\u00fcngste Mitglied der Gew\u00e4sserfamilie unseres Vereins. Sie besteht aus vier Teichen mit einer Gesamtfl\u00e4che von 2,3 ha. Zwei von ihnen werden als Zuchtteiche genutzt, sollen jedoch 2013 zusammengelegt und eventuell zu einem reinen Schleienteich werden werden. Die anderen Beiden haben eine Tiefe von null bis zwei Metern und sind mit Karpfen, Schleien, Amurkarpfen und Zandern besetzt. Die letzteren Beiden sind aber ganzj\u00e4hrig geschont. Als beste Methode hat sich in B\u00fchler aufgrund der geringen Tiefe das Angeln mit der Pose erwiesen, als beste K\u00f6der Wurm, Mais und Made. Man kann nat\u00fcrlich auch die bew\u00e4hrten Karpfenmontagen f\u00fcrs Grundangeln nutzen, aber der Aufschlag des Bleis verschreckt oftmals die Fische. Im Sommer, bei hei\u00dfem Wetter, stehen die Karpfen oft auch an der Oberfl\u00e4che und man kann sie mit Schwimmbrot \u00fcberlisten. Bei allen Methoden erh\u00f6ht (bitte ma\u00dfvolles) Anf\u00fcttern den Erfolg. Da beide Teiche wenig Struktur haben, ist es eigentlich egal, wo man seinen K\u00f6der auswirft. Nur die kleine Insel im kleinen Teich stellt einen unverkennbaren Hotspot dar. Leider haben wir in beiden Teichen ein gro\u00dfes Problem mit Wasserpflanzen, was im Sommer\/Herbst 2011 zur Unbefischbarkeit f\u00fchrte. Wir haben allerdings zur L\u00f6sung des Problems Amurkarpfen eingesetzt und hoffen dass sich dadurch die Krautbest\u00e4nde verringern. Wer ein sch\u00f6nes Pl\u00e4tzchen zum Angeln auf Karpfen und Schleie sucht, ist in B\u00fchler genau richtig!<\/p>\n\n\n\n<p>Fischarten: Karpfen, Rotauge, Rotfeder, Schleie, Zander, Amurkarpfen<\/p>\n\n\n\n<p>Am leichtesten fangbare Fischarten: Karpfen, Schleie<\/p>\n\n\n\n<p>Schonma\u00dfe: es gelten die gesetzlichen Schonma\u00dfe<\/p>\n\n\n\n<p><\/p>\n\n\n\n<p><strong>WEGBESCHREIBUNG<\/strong><\/p>\n\n\n\n<p>Von Ochsenfurt aus \u00fcber W\u00fcrzburg nach Karlstadt. Dort Richtung Gem\u00fcnden, dann nach Ortsschild rechts richtung Hammelburg, durch Eu\u00dfenheim hindurch weiter Richtung Hammelburg. Erste nach Ort Eu\u00dfenheim rechts nach Aschfeld weiter nach<br>M\u00fcnster und dann durch B\u00fchler. Nach der Ortschaft B\u00fchler ca. 200 mtr. dann auf der linken Seite ist unsere Teichanlage.<br><br><img loading=\"lazy\" decoding=\"async\" width=\"500\" height=\"500\" class=\"wp-image-88\" style=\"width: 500px;\" src=\"http:\/\/test.sfv-ochsenfurt.de\/wp-content\/uploads\/2020\/06\/wegbeschreibung-1.jpg\" alt=\"\" srcset=\"https:\/\/www.sfv-ochsenfurt.de\/wp-content\/uploads\/2020\/06\/wegbeschreibung-1.jpg 340w, https:\/\/www.sfv-ochsenfurt.de\/wp-content\/uploads\/2020\/06\/wegbeschreibung-1-300x300.jpg 300w, https:\/\/www.sfv-ochsenfurt.de\/wp-content\/uploads\/2020\/06\/wegbeschreibung-1-150x150.jpg 150w\" sizes=\"auto, (max-width: 500px) 100vw, 500px\" \/><\/p>\n\n\n\n<p class=\"has-large-font-size\">Main<\/p>\n\n\n\n<figure class=\"wp-block-gallery has-nested-images columns-default is-cropped wp-block-gallery-2 is-layout-flex wp-block-gallery-is-layout-flex\">\n<figure class=\"wp-block-image\"><img loading=\"lazy\" decoding=\"async\" width=\"400\" height=\"300\" data-id=\"83\" src=\"http:\/\/www.sfv-ochsenfurt.de\/wp-content\/uploads\/2020\/06\/main.jpg\" alt=\"\" class=\"wp-image-83\" srcset=\"https:\/\/www.sfv-ochsenfurt.de\/wp-content\/uploads\/2020\/06\/main.jpg 400w, https:\/\/www.sfv-ochsenfurt.de\/wp-content\/uploads\/2020\/06\/main-300x225.jpg 300w\" sizes=\"auto, (max-width: 400px) 100vw, 400px\" \/><figcaption class=\"wp-element-caption\">Der Main bei Marktbreit.<\/figcaption><\/figure>\n<\/figure>\n\n\n\n<p><br>Unser Angelbereich ist die Ochsenfurter Koppelstrecke.<br>Main-Jahreserlaubnisscheine sind f\u00fcr aktive Mitglieder des SFV Ochsenfurt u. U. e. V. (mind. 3-j\u00e4hrige aktive Mitgliedschaft) und nach rechtzeitiger, vorheriger R\u00fccksprache (mind. 1 Jahr vor theoretischer Ausgabe) mit dem Vorstand \u00fcber unseren Angelverein erh\u00e4ltlich.<\/p>\n","protected":false},"excerpt":{"rendered":"<p>Im B\u00fchler ist ab 2019 der Fang von einem Zander pro Angeltag erlaubt. 1.5.-1.11. Download Seeordnung Sulzfelder See Der Sulzfelder Baggersee ist ein ca. 8 ha gro\u00dfer Baggersee in Sulzfeld am Main. Er ist weitestgehend renaturiert, d.h. die Ufer sind, au\u00dfer an den Angelpl\u00e4tzen, mit B\u00fcschen und B\u00e4umen bewachsen. Die [&hellip;]<\/p>\n","protected":false},"author":1,"featured_media":0,"parent":0,"menu_order":0,"comment_status":"closed","ping_status":"closed","template":"","meta":{"footnotes":""},"class_list":["post-12","page","type-page","status-publish","hentry"],"_links":{"self":[{"href":"https:\/\/www.sfv-ochsenfurt.de\/index.php?rest_route=\/wp\/v2\/pages\/12","targetHints":{"allow":["GET"]}}],"collection":[{"href":"https:\/\/www.sfv-ochsenfurt.de\/index.php?rest_route=\/wp\/v2\/pages"}],"about":[{"href":"https:\/\/www.sfv-ochsenfurt.de\/index.php?rest_route=\/wp\/v2\/types\/page"}],"author":[{"embeddable":true,"href":"https:\/\/www.sfv-ochsenfurt.de\/index.php?rest_route=\/wp\/v2\/users\/1"}],"replies":[{"embeddable":true,"href":"https:\/\/www.sfv-ochsenfurt.de\/index.php?rest_route=%2Fwp%2Fv2%2Fcomments&post=12"}],"version-history":[{"count":15,"href":"https:\/\/www.sfv-ochsenfurt.de\/index.php?rest_route=\/wp\/v2\/pages\/12\/revisions"}],"predecessor-version":[{"id":747,"href":"https:\/\/www.sfv-ochsenfurt.de\/index.php?rest_route=\/wp\/v2\/pages\/12\/revisions\/747"}],"wp:attachment":[{"href":"https:\/\/www.sfv-ochsenfurt.de\/index.php?rest_route=%2Fwp%2Fv2%2Fmedia&parent=12"}],"curies":[{"name":"wp","href":"https:\/\/api.w.org\/{rel}","templated":true}]}}