{"id":550,"date":"2020-06-19T09:31:29","date_gmt":"2020-06-19T09:31:29","guid":{"rendered":"http:\/\/test.sfv-ochsenfurt.de\/?page_id=550"},"modified":"2023-02-24T06:00:49","modified_gmt":"2023-02-24T06:00:49","slug":"sulzfelder-see","status":"publish","type":"page","link":"https:\/\/www.sfv-ochsenfurt.de\/?page_id=550","title":{"rendered":"Sulzfelder See"},"content":{"rendered":"\n<figure class=\"wp-block-gallery has-nested-images columns-default is-cropped wp-block-gallery-1 is-layout-flex wp-block-gallery-is-layout-flex\">\n<figure class=\"wp-block-image size-large\"><img loading=\"lazy\" decoding=\"async\" width=\"2560\" height=\"1920\" data-id=\"84\" src=\"http:\/\/www.sfv-ochsenfurt.de\/wp-content\/uploads\/2020\/06\/see-scaled.jpg\" alt=\"\" class=\"wp-image-84\" srcset=\"https:\/\/www.sfv-ochsenfurt.de\/wp-content\/uploads\/2020\/06\/see-scaled.jpg 2560w, https:\/\/www.sfv-ochsenfurt.de\/wp-content\/uploads\/2020\/06\/see-300x225.jpg 300w, https:\/\/www.sfv-ochsenfurt.de\/wp-content\/uploads\/2020\/06\/see-768x576.jpg 768w, https:\/\/www.sfv-ochsenfurt.de\/wp-content\/uploads\/2020\/06\/see-1536x1152.jpg 1536w, https:\/\/www.sfv-ochsenfurt.de\/wp-content\/uploads\/2020\/06\/see-2048x1536.jpg 2048w, https:\/\/www.sfv-ochsenfurt.de\/wp-content\/uploads\/2020\/06\/see-1600x1200.jpg 1600w, https:\/\/www.sfv-ochsenfurt.de\/wp-content\/uploads\/2020\/06\/see-640x480.jpg 640w\" sizes=\"auto, (max-width: 2560px) 100vw, 2560px\" \/><figcaption class=\"wp-element-caption\">Sulzfelder See August 2019<\/figcaption><\/figure>\n<\/figure>\n\n\n\n<p>Der Sulzfelder Baggersee ist ein ca. 8 ha gro\u00dfer Baggersee in Sulzfeld am Main. Er ist weitestgehend renaturiert, d.h. die Ufer sind, au\u00dfer an den Angelpl\u00e4tzen, mit B\u00fcschen und B\u00e4umen bewachsen. Die Tiefen des Sees liegen zwischen einem und 12 Metern, es existieren sowohl Flachwasserbereiche als auch tiefe Rinnen und Sandb\u00e4nke in tiefen Bereichen. Das Bodenprofil ist also sehr abwechslungsreich gestaltet. <\/p>\n\n\n\n<p>An den Ufern gibt es gen\u00fcgend Angelpl\u00e4tze, man muss also nicht f\u00fcrchten, leer auszugehen. Der Fischbestand setzt sich aus allen im Main heimischen Fischen zusammen (der Main \u00fcberflutet den See bei sehr hohen Winterhochw\u00e4ssern alle paar Jahre, zuletzt 2003 und 2011); dazu kommen noch die asiatischen Grasfische. Bei der Bestandsdichte gibt es zwischen den Arten jedoch einige Unterschiede: W\u00e4hrend die Schleie kaum vorhanden ist, besteht vor allem bei Karpfen ein ziemlich guter Bestand. Allgemein gesagt ist der See ein sehr gutes Karpfengew\u00e4sser; es gibt in den Flachwasserzonen ausgedehnte Krautfelder und das Wasser erw\u00e4rmt sich im Sommer auch auf angenehme Temperaturen. Am besten sind die Karpfen im Fr\u00fchling im ufernahen Flachwasser und im Sommer an den Kanten zum tieferen Wasser zu fangen, bevorzugt bei\u00dfen sie in den fr\u00fchen Morgenstunden sowie abends. Nat\u00fcrlich kommen im See auch Raubfische vor: Hechte, Zander, Waller und Barsche sind vorhanden. Waller gibt es im See ebenfalls, in den gleichen Gr\u00f6\u00dfen wie im Main. Der Weisfischbestand (Wei\u00dffischbestand) ist gut. Es existieren zwar keine Fische kapitaler Gr\u00f6\u00dfe, doch K\u00f6derfische sind fast immer fangbar. Alles in allem ist der Baggersee ein idyllisches Gew\u00e4sser mit (fast) allen M\u00f6glichkeiten zum Fischfang!<\/p>\n\n\n\n<p>Fischarten: Aal, Barsch, Brasse, Hecht, Karpfen, Rotauge, Rotfeder, Schleie (vereinzelt), Laube, Waller, Zander, Graskarpfen (Amur, Silber und Marmorkarpfen)<\/p>\n\n\n\n<p>Am leichtesten fangbare Fischarten: Karpfen, Hecht<\/p>\n\n\n\n<p>Schonma\u00dfe: es gelten die gesetzlichen Schonma\u00dfe<\/p>\n\n\n\n<p>Schonzeiten: Hecht, Zander: 15.2.-30.4., Rotauge, Rotfeder, Laube: 15.4.-15.5, Graskarpfen ganzj\u00e4hrig<br><br><\/p>\n\n\n\n<p><strong>Ab 2023 darf man (w\u00e4hrend der Fangzeit) t\u00e4glich am See angeln.<\/strong><\/p>\n\n\n\n<p><\/p>\n","protected":false},"excerpt":{"rendered":"<p>Der Sulzfelder Baggersee ist ein ca. 8 ha gro\u00dfer Baggersee in Sulzfeld am Main. Er ist weitestgehend renaturiert, d.h. die Ufer sind, au\u00dfer an den Angelpl\u00e4tzen, mit B\u00fcschen und B\u00e4umen bewachsen. Die Tiefen des Sees liegen zwischen einem und 12 Metern, es existieren sowohl Flachwasserbereiche als auch tiefe Rinnen und [&hellip;]<\/p>\n","protected":false},"author":1,"featured_media":0,"parent":0,"menu_order":0,"comment_status":"closed","ping_status":"closed","template":"","meta":{"footnotes":""},"class_list":["post-550","page","type-page","status-publish","hentry"],"_links":{"self":[{"href":"https:\/\/www.sfv-ochsenfurt.de\/index.php?rest_route=\/wp\/v2\/pages\/550","targetHints":{"allow":["GET"]}}],"collection":[{"href":"https:\/\/www.sfv-ochsenfurt.de\/index.php?rest_route=\/wp\/v2\/pages"}],"about":[{"href":"https:\/\/www.sfv-ochsenfurt.de\/index.php?rest_route=\/wp\/v2\/types\/page"}],"author":[{"embeddable":true,"href":"https:\/\/www.sfv-ochsenfurt.de\/index.php?rest_route=\/wp\/v2\/users\/1"}],"replies":[{"embeddable":true,"href":"https:\/\/www.sfv-ochsenfurt.de\/index.php?rest_route=%2Fwp%2Fv2%2Fcomments&post=550"}],"version-history":[{"count":5,"href":"https:\/\/www.sfv-ochsenfurt.de\/index.php?rest_route=\/wp\/v2\/pages\/550\/revisions"}],"predecessor-version":[{"id":632,"href":"https:\/\/www.sfv-ochsenfurt.de\/index.php?rest_route=\/wp\/v2\/pages\/550\/revisions\/632"}],"wp:attachment":[{"href":"https:\/\/www.sfv-ochsenfurt.de\/index.php?rest_route=%2Fwp%2Fv2%2Fmedia&parent=550"}],"curies":[{"name":"wp","href":"https:\/\/api.w.org\/{rel}","templated":true}]}}