{"id":8,"date":"2020-06-18T08:55:42","date_gmt":"2020-06-18T08:55:42","guid":{"rendered":"http:\/\/test.sfv-ochsenfurt.de\/?page_id=8"},"modified":"2020-06-19T07:56:27","modified_gmt":"2020-06-19T07:56:27","slug":"geschichte","status":"publish","type":"page","link":"https:\/\/www.sfv-ochsenfurt.de\/?page_id=8","title":{"rendered":"Geschichte"},"content":{"rendered":"\n<p>Unser Verein wurde nach einer Besprechung von 10 Anglern im damaligen Gasthaus Kaiser in Ochsenfurt am 11. Januar 1951 und in einer darauf folgenden Gr\u00fcndungs- versammlung am 22. Januar 1951 ins Leben gerufen. Die 33 Gr\u00fcndungsmitglieder gaben unserem Verein den Namen:<br><strong><br>SPORTFISCHERVEREIN OCHSENFURT UND UMGEBUNG e.V.<\/strong><br><br>Schon damals waren nicht alle Vereinsmitglieder in Ochsenfurt wohnhaft \u2013 haben aber vorausschauend die Bezeichnung &#8222;und Umgebung&#8220; angeh\u00e4ngt.<\/p>\n\n\n\n<p>Heute wohnen unsere Mitglieder weit verstreut nicht nur im Raume Ochsenfurt, sondern auch \u00fcber Unterfranken hinaus.<br>Am Schlu\u00df des Vereinsnamens befindet sich noch die Bezeichnung e. V., die besagt, dass der Verein in das Vereinsregister beim Registergericht eingetragen ist.<br><\/p>\n\n\n\n<p>Den Sinn und Zweck des gegr\u00fcndeten Vereins haben die Mitglieder in ihren Richtlinien \u2013 genannt Satzung \u2013 festgelegt. F\u00fcr das Verhalten am Gew\u00e4sser gibt es eine Seeordnung.<br><br>Die Vorstandschaft und die Ausschussmitglieder sollen den Mitgliedern bei der Aus\u00fcbung der Angelfischerei mit Rat und Tat beistehen. Dann ist der Verein bestrebt, geeignete Fischwasser zu erwerben oder zu pachten.<br><br>In unserer Satzung steht, da\u00df die Jahresmitgliederversammlung alle drei Jahre eine Vorstandschaft w\u00e4hlen mu\u00df, wobei auch gleich die Ausschussmitglieder: Arbeitdienstleiter, Seewart, Festwirt und Pressewart zu w\u00e4hlen sind. Die Vorstandschaft setzt sich zusammen aus dem 1.Vorstand, dem 2.Vorstand, dem Schatzmeister, dem Schriftf\u00fchrer und dem Jugendleiter.<\/p>\n\n\n\n<p>Der 1.Vorstand leitet die Versammlungen und vertritt den Verein gerichtlich und au\u00dfergerichtlich. Au\u00dferdem vertritt der 1.Voristzende die Mitglieder beim Fischereiverband Unterfranken, bei Tagungen, Besprechungen und allen Vereinsangelegenheiten. Auch hat er f\u00fcr die Einhaltung der Rechtsvorschriften und Verordnungen am Gew\u00e4sser und f\u00fcr den Vereinsfrieden zu sorgen.<\/p>\n\n\n\n<p>Der Vorstand ist bei Gericht eingetragen und haftet mit seinem Privatverm\u00f6gen f\u00fcr den Verein. Als Vorstand ist er der Rechtsinhaber des Fischereirechts und ist damit befugt, die Erlaubnisscheine an die Mitglieder auszustellen.<\/p>\n\n\n\n<p>Der 2.Vorstand vertritt den 1.Vorstand im Verhinderungsfall und ist selbstverst\u00e4ndlich bei den anfallenden Arbeiten im Vereinsleben behilflich.<\/p>\n\n\n\n<p>Dem Schatzmeister obliegen s\u00e4mtliche Kassengesch\u00e4fte &#8211; wie die Verwaltung der Vereinsgelder, Mitgliederbeitr\u00e4ge, Abrechnungen \u2013 und vieles mehr.<\/p>\n\n\n\n<p>Der Schriftf\u00fchrer erledigt die anfallenden schriftlichen Arbeiten und hat den Bestimmungen des Registergerichtes nach Protokolle \u00fcber Versammlungen und Sitzungen zu f\u00fchren.<\/p>\n\n\n\n<p>Die Fischerjugendgruppe wird vom Jugendleiter gef\u00fchrt, der mit seiner verantwortungsvollen Arbeit nicht nur die Jugend betreut, sondern auch f\u00fcr die waidgerechte Fischereiaus\u00fcbung zu sorgen hat. Ebenso nimmt er an den Tagungen vom Kreisjugendring und der Bezirksjugendleitung teil.<br>Weiter betreibt unsere Jugend den Castingsport und nimmt an den Aktionen der Bezirksjugend: Ausfl\u00fcge, Castingturnier und Meisterschaften teil. Die F\u00f6rderung der Jugend ist immer ein Bestreben unseres Vereins gewesen. Dies werden wir auch in Zukunft so weiterf\u00fchren.<br><br>Die Ausschussmitglieder wirken beratend bei allen Abl\u00e4ufen des Vereinsgeschehens mit, sind bei Fischbesatzma\u00dfnahmen, Fischerfest behilflich und unterst\u00fctzen die Vorstandschaft bei Veranstaltungen und halten, wie die Vorstandschaft, die Verbindung zu den Mitgliedern aufrecht.<br><br>Die Gr\u00fcndungsvorstandschaft hat dem Verein ein Vereinsabzeichen gegeben, worin nicht nur der Vereinsname, sondern auch eine Barbe, ein Hecht und der Ochs das Vereinsabzeichen darstellten. Den Entwurf hierf\u00fcr gestaltete der damalige Gr\u00fcndungsvorstand Georg Maeder. Dieses Vereinsabzeichen war auch auf den Satzungen sowie auf dem Vereinsstempel zu sehen. Sp\u00e4ter wurde dann das gegenw\u00e4rtige Vereinsabzeichen gestaltet, was auch auf unserer Fahne zu sehen ist.<br><br><\/p>\n","protected":false},"excerpt":{"rendered":"<p>Unser Verein wurde nach einer Besprechung von 10 Anglern im damaligen Gasthaus Kaiser in Ochsenfurt am 11. Januar 1951 und in einer darauf folgenden Gr\u00fcndungs- versammlung am 22. Januar 1951 ins Leben gerufen. Die 33 Gr\u00fcndungsmitglieder gaben unserem Verein den Namen:SPORTFISCHERVEREIN OCHSENFURT UND UMGEBUNG e.V. Schon damals waren nicht alle [&hellip;]<\/p>\n","protected":false},"author":1,"featured_media":0,"parent":0,"menu_order":0,"comment_status":"closed","ping_status":"closed","template":"","meta":{"footnotes":""},"class_list":["post-8","page","type-page","status-publish","hentry"],"_links":{"self":[{"href":"https:\/\/www.sfv-ochsenfurt.de\/index.php?rest_route=\/wp\/v2\/pages\/8","targetHints":{"allow":["GET"]}}],"collection":[{"href":"https:\/\/www.sfv-ochsenfurt.de\/index.php?rest_route=\/wp\/v2\/pages"}],"about":[{"href":"https:\/\/www.sfv-ochsenfurt.de\/index.php?rest_route=\/wp\/v2\/types\/page"}],"author":[{"embeddable":true,"href":"https:\/\/www.sfv-ochsenfurt.de\/index.php?rest_route=\/wp\/v2\/users\/1"}],"replies":[{"embeddable":true,"href":"https:\/\/www.sfv-ochsenfurt.de\/index.php?rest_route=%2Fwp%2Fv2%2Fcomments&post=8"}],"version-history":[{"count":2,"href":"https:\/\/www.sfv-ochsenfurt.de\/index.php?rest_route=\/wp\/v2\/pages\/8\/revisions"}],"predecessor-version":[{"id":54,"href":"https:\/\/www.sfv-ochsenfurt.de\/index.php?rest_route=\/wp\/v2\/pages\/8\/revisions\/54"}],"wp:attachment":[{"href":"https:\/\/www.sfv-ochsenfurt.de\/index.php?rest_route=%2Fwp%2Fv2%2Fmedia&parent=8"}],"curies":[{"name":"wp","href":"https:\/\/api.w.org\/{rel}","templated":true}]}}